{"id":779,"date":"2021-01-26T18:15:06","date_gmt":"2021-01-26T18:15:06","guid":{"rendered":"https:\/\/silvia-weinans.de\/?page_id=779"},"modified":"2021-03-06T15:28:55","modified_gmt":"2021-03-06T15:28:55","slug":"termine-preise","status":"publish","type":"page","link":"https:\/\/silvia-weinans.de\/index.php\/termine-preise\/","title":{"rendered":"Termine &#038; Preise"},"content":{"rendered":"\t\t<div data-elementor-type=\"wp-page\" data-elementor-id=\"779\" class=\"elementor elementor-779\" data-elementor-settings=\"[]\">\n\t\t\t\t\t\t<div class=\"elementor-inner\">\n\t\t\t\t\t\t\t<div class=\"elementor-section-wrap\">\n\t\t\t\t\t\t\t<section class=\"elementor-section elementor-top-section elementor-element elementor-element-422b967 elementor-section-full_width elementor-section-height-min-height elementor-section-height-default elementor-section-items-middle\" data-id=\"422b967\" data-element_type=\"section\" data-settings=\"{&quot;background_background&quot;:&quot;classic&quot;,&quot;_ha_eqh_enable&quot;:false}\">\n\t\t\t\t\t\t\t<div class=\"elementor-background-overlay\"><\/div>\n\t\t\t\t\t\t\t<div class=\"elementor-container elementor-column-gap-no\">\n\t\t\t\t\t\t\t<div class=\"elementor-row\">\n\t\t\t\t\t<div class=\"elementor-column elementor-col-100 elementor-top-column elementor-element elementor-element-1a9900b\" data-id=\"1a9900b\" data-element_type=\"column\" data-settings=\"{&quot;background_background&quot;:&quot;classic&quot;}\">\n\t\t\t<div class=\"elementor-column-wrap elementor-element-populated\">\n\t\t\t\t\t<div class=\"elementor-background-overlay\"><\/div>\n\t\t\t\t\t\t\t<div class=\"elementor-widget-wrap\">\n\t\t\t\t\t\t<div class=\"elementor-element elementor-element-7510855 elementor-widget elementor-widget-heading\" data-id=\"7510855\" data-element_type=\"widget\" data-widget_type=\"heading.default\">\n\t\t\t\t<div class=\"elementor-widget-container\">\n\t\t\t<p class=\"elementor-heading-title elementor-size-default\">Termine und Preise<\/p>\t\t<\/div>\n\t\t\t\t<\/div>\n\t\t\t\t\t\t<\/div>\n\t\t\t\t\t<\/div>\n\t\t<\/div>\n\t\t\t\t\t\t\t\t<\/div>\n\t\t\t\t\t<\/div>\n\t\t<\/section>\n\t\t\t\t<section class=\"elementor-section elementor-top-section elementor-element elementor-element-4f6924c elementor-section-boxed elementor-section-height-default elementor-section-height-default\" data-id=\"4f6924c\" data-element_type=\"section\" data-settings=\"{&quot;_ha_eqh_enable&quot;:false}\">\n\t\t\t\t\t\t<div class=\"elementor-container elementor-column-gap-default\">\n\t\t\t\t\t\t\t<div class=\"elementor-row\">\n\t\t\t\t\t<div class=\"elementor-column elementor-col-100 elementor-top-column elementor-element elementor-element-84cac89\" data-id=\"84cac89\" data-element_type=\"column\" data-settings=\"{&quot;background_background&quot;:&quot;classic&quot;}\">\n\t\t\t<div class=\"elementor-column-wrap elementor-element-populated\">\n\t\t\t\t\t\t\t<div class=\"elementor-widget-wrap\">\n\t\t\t\t\t\t<div class=\"elementor-element elementor-element-28fb881 elementor-widget elementor-widget-heading\" data-id=\"28fb881\" data-element_type=\"widget\" data-widget_type=\"heading.default\">\n\t\t\t\t<div class=\"elementor-widget-container\">\n\t\t\t<h6 class=\"elementor-heading-title elementor-size-default\">Termine und Preise<\/h6>\t\t<\/div>\n\t\t\t\t<\/div>\n\t\t\t\t<div class=\"elementor-element elementor-element-c1bc5cf elementor-widget elementor-widget-text-editor\" data-id=\"c1bc5cf\" data-element_type=\"widget\" data-widget_type=\"text-editor.default\">\n\t\t\t\t<div class=\"elementor-widget-container\">\n\t\t\t\t\t<div class=\"elementor-text-editor elementor-clearfix\"><p>Termine nach telefonischer Vereinbarung unter <br \/>0151-46543557.<\/p><p>Der Preis f\u00fcr eine 60-Minuten-Sitzung betr\u00e4gt 60,- \u20ac.<\/p><p>Solltest Du privat versichert sein, kl\u00e4re bitte mit Deiner Krankenkasse, ob und in welcher H\u00f6he die Kosten \u00fcbernommen werden.<br \/>Die gesetzlichen Krankenkassen \u00fcbernehmen die Kosten derzeit leider noch nicht.<\/p><p>Weitere Infos \u00fcber Termine und Preise erf\u00e4hrst du hier.<\/p><\/div>\n\t\t\t\t<\/div>\n\t\t\t\t<\/div>\n\t\t\t\t<div class=\"elementor-element elementor-element-42c34e9 elementor-widget elementor-widget-button\" data-id=\"42c34e9\" data-element_type=\"widget\" data-widget_type=\"button.default\">\n\t\t\t\t<div class=\"elementor-widget-container\">\n\t\t\t\t\t<div class=\"elementor-button-wrapper\">\n\t\t\t<a href=\"https:\/\/silvia-weinans.de\/index.php\/kontakt\/\" class=\"elementor-button-link elementor-button elementor-size-sm\" role=\"button\">\n\t\t\t\t\t\t<span class=\"elementor-button-content-wrapper\">\n\t\t\t\t\t\t<span class=\"elementor-button-text\">Mehr erfahren<\/span>\n\t\t<\/span>\n\t\t\t\t\t<\/a>\n\t\t<\/div>\n\t\t\t\t<\/div>\n\t\t\t\t<\/div>\n\t\t\t\t\t\t<\/div>\n\t\t\t\t\t<\/div>\n\t\t<\/div>\n\t\t\t\t\t\t\t\t<\/div>\n\t\t\t\t\t<\/div>\n\t\t<\/section>\n\t\t\t\t\t\t<\/div>\n\t\t\t\t\t\t<\/div>\n\t\t\t\t\t<\/div>\n\t\t","protected":false},"excerpt":{"rendered":"<p>Termine und Preise Termine und Preise Termine nach telefonischer Vereinbarung unter 0151-46543557. Der Preis f\u00fcr eine 60-Minuten-Sitzung betr\u00e4gt 60,- \u20ac. Solltest Du privat versichert sein, kl\u00e4re bitte mit Deiner Krankenkasse, ob und in welcher H\u00f6he die Kosten \u00fcbernommen werden.Die gesetzlichen Krankenkassen \u00fcbernehmen die Kosten derzeit leider noch nicht. Weitere Infos \u00fcber Termine und Preise erf\u00e4hrst [&hellip;]<\/p>\n","protected":false},"author":1,"featured_media":0,"parent":0,"menu_order":0,"comment_status":"closed","ping_status":"closed","template":"","meta":{"site-sidebar-layout":"no-sidebar","site-content-layout":"page-builder","ast-site-content-layout":"default","site-content-style":"default","site-sidebar-style":"default","ast-global-header-display":"","ast-banner-title-visibility":"","ast-main-header-display":"","ast-hfb-above-header-display":"","ast-hfb-below-header-display":"","ast-hfb-mobile-header-display":"","site-post-title":"disabled","ast-breadcrumbs-content":"","ast-featured-img":"disabled","footer-sml-layout":"","ast-disable-related-posts":"","theme-transparent-header-meta":"enabled","adv-header-id-meta":"","stick-header-meta":"","header-above-stick-meta":"","header-main-stick-meta":"","header-below-stick-meta":"","astra-migrate-meta-layouts":"default","ast-page-background-enabled":"default","ast-page-background-meta":{"desktop":{"background-color":"","background-image":"","background-repeat":"repeat","background-position":"center center","background-size":"auto","background-attachment":"scroll","background-type":"","background-media":"","overlay-type":"","overlay-color":"","overlay-opacity":"","overlay-gradient":""},"tablet":{"background-color":"","background-image":"","background-repeat":"repeat","background-position":"center center","background-size":"auto","background-attachment":"scroll","background-type":"","background-media":"","overlay-type":"","overlay-color":"","overlay-opacity":"","overlay-gradient":""},"mobile":{"background-color":"","background-image":"","background-repeat":"repeat","background-position":"center center","background-size":"auto","background-attachment":"scroll","background-type":"","background-media":"","overlay-type":"","overlay-color":"","overlay-opacity":"","overlay-gradient":""}},"ast-content-background-meta":{"desktop":{"background-color":"var(--ast-global-color-5)","background-image":"","background-repeat":"repeat","background-position":"center center","background-size":"auto","background-attachment":"scroll","background-type":"","background-media":"","overlay-type":"","overlay-color":"","overlay-opacity":"","overlay-gradient":""},"tablet":{"background-color":"var(--ast-global-color-5)","background-image":"","background-repeat":"repeat","background-position":"center center","background-size":"auto","background-attachment":"scroll","background-type":"","background-media":"","overlay-type":"","overlay-color":"","overlay-opacity":"","overlay-gradient":""},"mobile":{"background-color":"var(--ast-global-color-5)","background-image":"","background-repeat":"repeat","background-position":"center center","background-size":"auto","background-attachment":"scroll","background-type":"","background-media":"","overlay-type":"","overlay-color":"","overlay-opacity":"","overlay-gradient":""}}},"yoast_head":"<!-- This site is optimized with the Yoast SEO plugin v15.7 - https:\/\/yoast.com\/wordpress\/plugins\/seo\/ -->\n<title>Termine &amp; Preise | Psychotherapie Borken | Silvia Weinans<\/title>\n<meta name=\"description\" content=\"Termine und Preise: Termine werden nach telefonischer Vereinbarung gemacht. Der Preis f\u00fcr eine 60-Minuten-Sitzung betr\u00e4gt 60,- \u20ac.\" \/>\n<meta name=\"robots\" content=\"index, follow, max-snippet:-1, max-image-preview:large, max-video-preview:-1\" \/>\n<link rel=\"canonical\" href=\"https:\/\/silvia-weinans.de\/index.php\/termine-preise\/\" \/>\n<meta property=\"og:locale\" content=\"de_DE\" \/>\n<meta property=\"og:type\" content=\"article\" \/>\n<meta property=\"og:title\" content=\"Termine &amp; Preise | Psychotherapie Borken | Silvia Weinans\" \/>\n<meta property=\"og:description\" content=\"Termine und Preise: Termine werden nach telefonischer Vereinbarung gemacht. Der Preis f\u00fcr eine 60-Minuten-Sitzung betr\u00e4gt 60,- \u20ac.\" \/>\n<meta property=\"og:url\" content=\"https:\/\/silvia-weinans.de\/index.php\/termine-preise\/\" \/>\n<meta property=\"og:site_name\" content=\"Life Coaching\" \/>\n<meta property=\"article:modified_time\" content=\"2021-03-06T15:28:55+00:00\" \/>\n<meta name=\"twitter:card\" content=\"summary_large_image\" \/>\n<meta name=\"twitter:label1\" content=\"Gesch\u00e4tzte Lesezeit\">\n\t<meta name=\"twitter:data1\" content=\"1\u00a0Minute\">\n<script type=\"application\/ld+json\" class=\"yoast-schema-graph\">{\"@context\":\"https:\/\/schema.org\",\"@graph\":[{\"@type\":\"Organization\",\"@id\":\"https:\/\/silvia-weinans.de\/#organization\",\"name\":\"Life Coaching\",\"url\":\"https:\/\/silvia-weinans.de\/\",\"sameAs\":[],\"logo\":{\"@type\":\"ImageObject\",\"@id\":\"https:\/\/silvia-weinans.de\/#logo\",\"inLanguage\":\"de\",\"url\":\"https:\/\/silvia-weinans.de\/wp-content\/uploads\/2020\/05\/Silvia-Image-1.png\",\"width\":1700,\"height\":1700,\"caption\":\"Life Coaching\"},\"image\":{\"@id\":\"https:\/\/silvia-weinans.de\/#logo\"}},{\"@type\":\"WebSite\",\"@id\":\"https:\/\/silvia-weinans.de\/#website\",\"url\":\"https:\/\/silvia-weinans.de\/\",\"name\":\"Life Coaching\",\"description\":\"Silvia Weinans - Heilpraktikerin f\\u00fcr Psychotherapie\",\"publisher\":{\"@id\":\"https:\/\/silvia-weinans.de\/#organization\"},\"potentialAction\":[{\"@type\":\"SearchAction\",\"target\":\"https:\/\/silvia-weinans.de\/?s={search_term_string}\",\"query-input\":\"required name=search_term_string\"}],\"inLanguage\":\"de\"},{\"@type\":\"WebPage\",\"@id\":\"https:\/\/silvia-weinans.de\/index.php\/termine-preise\/#webpage\",\"url\":\"https:\/\/silvia-weinans.de\/index.php\/termine-preise\/\",\"name\":\"Termine & Preise | Psychotherapie Borken | Silvia Weinans\",\"isPartOf\":{\"@id\":\"https:\/\/silvia-weinans.de\/#website\"},\"datePublished\":\"2021-01-26T18:15:06+00:00\",\"dateModified\":\"2021-03-06T15:28:55+00:00\",\"description\":\"Termine und Preise: Termine werden nach telefonischer Vereinbarung gemacht. Der Preis f\\u00fcr eine 60-Minuten-Sitzung betr\\u00e4gt 60,- \\u20ac.\",\"inLanguage\":\"de\",\"potentialAction\":[{\"@type\":\"ReadAction\",\"target\":[\"https:\/\/silvia-weinans.de\/index.php\/termine-preise\/\"]}]}]}<\/script>\n<!-- \/ Yoast SEO plugin. -->","_links":{"self":[{"href":"https:\/\/silvia-weinans.de\/index.php\/wp-json\/wp\/v2\/pages\/779"}],"collection":[{"href":"https:\/\/silvia-weinans.de\/index.php\/wp-json\/wp\/v2\/pages"}],"about":[{"href":"https:\/\/silvia-weinans.de\/index.php\/wp-json\/wp\/v2\/types\/page"}],"author":[{"embeddable":true,"href":"https:\/\/silvia-weinans.de\/index.php\/wp-json\/wp\/v2\/users\/1"}],"replies":[{"embeddable":true,"href":"https:\/\/silvia-weinans.de\/index.php\/wp-json\/wp\/v2\/comments?post=779"}],"version-history":[{"count":30,"href":"https:\/\/silvia-weinans.de\/index.php\/wp-json\/wp\/v2\/pages\/779\/revisions"}],"predecessor-version":[{"id":1070,"href":"https:\/\/silvia-weinans.de\/index.php\/wp-json\/wp\/v2\/pages\/779\/revisions\/1070"}],"wp:attachment":[{"href":"https:\/\/silvia-weinans.de\/index.php\/wp-json\/wp\/v2\/media?parent=779"}],"curies":[{"name":"wp","href":"https:\/\/api.w.org\/{rel}","templated":true}]}}