{"id":31,"date":"2020-04-21T14:31:03","date_gmt":"2020-04-21T14:31:03","guid":{"rendered":"https:\/\/weinans.innovative-lab.de\/?page_id=31"},"modified":"2021-01-26T18:40:42","modified_gmt":"2021-01-26T18:40:42","slug":"uber-mich-02","status":"publish","type":"page","link":"https:\/\/silvia-weinans.de\/index.php\/uber-mich-02\/","title":{"rendered":"\u00dcber mich"},"content":{"rendered":"\t\t<div data-elementor-type=\"wp-page\" data-elementor-id=\"31\" class=\"elementor elementor-31\" data-elementor-settings=\"[]\">\n\t\t\t\t\t\t<div class=\"elementor-inner\">\n\t\t\t\t\t\t\t<div class=\"elementor-section-wrap\">\n\t\t\t\t\t\t\t<section class=\"elementor-section elementor-top-section elementor-element elementor-element-5c1184b elementor-section-full_width elementor-section-height-default elementor-section-height-default\" data-id=\"5c1184b\" data-element_type=\"section\" data-settings=\"{&quot;background_background&quot;:&quot;classic&quot;,&quot;_ha_eqh_enable&quot;:false}\">\n\t\t\t\t\t\t<div class=\"elementor-container elementor-column-gap-no\">\n\t\t\t\t\t\t\t<div class=\"elementor-row\">\n\t\t\t\t\t<div class=\"elementor-column elementor-col-100 elementor-top-column elementor-element elementor-element-517e5bf\" data-id=\"517e5bf\" data-element_type=\"column\">\n\t\t\t<div class=\"elementor-column-wrap elementor-element-populated\">\n\t\t\t\t\t\t\t<div class=\"elementor-widget-wrap\">\n\t\t\t\t\t\t<div class=\"elementor-element elementor-element-fda4f3f elementor-widget elementor-widget-spacer\" data-id=\"fda4f3f\" data-element_type=\"widget\" data-widget_type=\"spacer.default\">\n\t\t\t\t<div class=\"elementor-widget-container\">\n\t\t\t\t\t<div class=\"elementor-spacer\">\n\t\t\t<div class=\"elementor-spacer-inner\"><\/div>\n\t\t<\/div>\n\t\t\t\t<\/div>\n\t\t\t\t<\/div>\n\t\t\t\t\t\t<\/div>\n\t\t\t\t\t<\/div>\n\t\t<\/div>\n\t\t\t\t\t\t\t\t<\/div>\n\t\t\t\t\t<\/div>\n\t\t<\/section>\n\t\t\t\t<section class=\"elementor-section elementor-top-section elementor-element elementor-element-99c0920 elementor-section-boxed elementor-section-height-default elementor-section-height-default\" data-id=\"99c0920\" data-element_type=\"section\" data-settings=\"{&quot;background_background&quot;:&quot;classic&quot;,&quot;_ha_eqh_enable&quot;:false}\">\n\t\t\t\t\t\t<div class=\"elementor-container elementor-column-gap-default\">\n\t\t\t\t\t\t\t<div class=\"elementor-row\">\n\t\t\t\t\t<div class=\"elementor-column elementor-col-100 elementor-top-column elementor-element elementor-element-3830e1a\" data-id=\"3830e1a\" data-element_type=\"column\">\n\t\t\t<div class=\"elementor-column-wrap elementor-element-populated\">\n\t\t\t\t\t\t\t<div class=\"elementor-widget-wrap\">\n\t\t\t\t\t\t<div class=\"elementor-element elementor-element-5f611d4 elementor-widget elementor-widget-heading\" data-id=\"5f611d4\" data-element_type=\"widget\" data-widget_type=\"heading.default\">\n\t\t\t\t<div class=\"elementor-widget-container\">\n\t\t\t<h2 class=\"elementor-heading-title elementor-size-default\">\u00dcber mich<\/h2>\t\t<\/div>\n\t\t\t\t<\/div>\n\t\t\t\t<section class=\"elementor-section elementor-inner-section elementor-element elementor-element-ab11c82 elementor-section-full_width elementor-section-height-default elementor-section-height-default\" data-id=\"ab11c82\" data-element_type=\"section\" data-settings=\"{&quot;_ha_eqh_enable&quot;:false}\">\n\t\t\t\t\t\t<div class=\"elementor-container elementor-column-gap-no\">\n\t\t\t\t\t\t\t<div class=\"elementor-row\">\n\t\t\t\t\t<div class=\"elementor-column elementor-col-50 elementor-inner-column elementor-element elementor-element-eb7c512\" data-id=\"eb7c512\" data-element_type=\"column\">\n\t\t\t<div class=\"elementor-column-wrap elementor-element-populated\">\n\t\t\t\t\t\t\t<div class=\"elementor-widget-wrap\">\n\t\t\t\t\t\t<div class=\"elementor-element elementor-element-2e69fd1 elementor-widget elementor-widget-text-editor\" data-id=\"2e69fd1\" data-element_type=\"widget\" data-widget_type=\"text-editor.default\">\n\t\t\t\t<div class=\"elementor-widget-container\">\n\t\t\t\t\t<div class=\"elementor-text-editor elementor-clearfix\"><p>Vielleicht stelle ich mich erstmal vor. Ich hei\u00dfe Silvia Weinans und bin 54 Jahre jung.<br \/>Im Jahr 2008 habe ich die Ausbildung zum Entspannungstherapeuten und Heilpraktiker f\u00fcr Psychotherapie beendet. <br \/>Als Therapieform suchte ich mir die \u201cGespr\u00e4chstherapie nach Rogers\u201d aus, da es mir sehr gefiel, dass Rogers erstmal den behandelnden Therapeuten unter die Lupe nimmt. Dabei erwartet er unbedingte Wertsch\u00e4tzung dem Klienten gegen\u00fcber, ein hohes Ma\u00df an Authentizit\u00e4t und Empathie.<\/p><\/div>\n\t\t\t\t<\/div>\n\t\t\t\t<\/div>\n\t\t\t\t\t\t<\/div>\n\t\t\t\t\t<\/div>\n\t\t<\/div>\n\t\t\t\t<div class=\"elementor-column elementor-col-50 elementor-inner-column elementor-element elementor-element-6df27fa\" data-id=\"6df27fa\" data-element_type=\"column\">\n\t\t\t<div class=\"elementor-column-wrap elementor-element-populated\">\n\t\t\t\t\t\t\t<div class=\"elementor-widget-wrap\">\n\t\t\t\t\t\t<div class=\"elementor-element elementor-element-4a08363 elementor-widget elementor-widget-image\" data-id=\"4a08363\" data-element_type=\"widget\" data-widget_type=\"image.default\">\n\t\t\t\t<div class=\"elementor-widget-container\">\n\t\t\t\t\t<div class=\"elementor-image\">\n\t\t\t\t\t\t\t\t\t\t<img width=\"1024\" height=\"1024\" src=\"https:\/\/silvia-weinans.de\/wp-content\/uploads\/2020\/05\/rund-u\u0308ber-mich-1024x1024.png\" class=\"attachment-large size-large\" alt=\"Silvia Weinans Psychotherapie Borken\" loading=\"lazy\" srcset=\"https:\/\/silvia-weinans.de\/wp-content\/uploads\/2020\/05\/rund-u\u0308ber-mich-1024x1024.png 1024w, https:\/\/silvia-weinans.de\/wp-content\/uploads\/2020\/05\/rund-u\u0308ber-mich-300x300.png 300w, https:\/\/silvia-weinans.de\/wp-content\/uploads\/2020\/05\/rund-u\u0308ber-mich-150x150.png 150w, https:\/\/silvia-weinans.de\/wp-content\/uploads\/2020\/05\/rund-u\u0308ber-mich-768x768.png 768w, https:\/\/silvia-weinans.de\/wp-content\/uploads\/2020\/05\/rund-u\u0308ber-mich-1536x1536.png 1536w, https:\/\/silvia-weinans.de\/wp-content\/uploads\/2020\/05\/rund-u\u0308ber-mich.png 1700w\" sizes=\"(max-width: 1024px) 100vw, 1024px\" \/>\t\t\t\t\t\t\t\t\t\t\t<\/div>\n\t\t\t\t<\/div>\n\t\t\t\t<\/div>\n\t\t\t\t\t\t<\/div>\n\t\t\t\t\t<\/div>\n\t\t<\/div>\n\t\t\t\t\t\t\t\t<\/div>\n\t\t\t\t\t<\/div>\n\t\t<\/section>\n\t\t\t\t\t\t<\/div>\n\t\t\t\t\t<\/div>\n\t\t<\/div>\n\t\t\t\t\t\t\t\t<\/div>\n\t\t\t\t\t<\/div>\n\t\t<\/section>\n\t\t\t\t<section class=\"elementor-section elementor-top-section elementor-element elementor-element-8441377 elementor-section-full_width elementor-section-height-default elementor-section-height-default\" data-id=\"8441377\" data-element_type=\"section\" data-settings=\"{&quot;background_background&quot;:&quot;classic&quot;,&quot;_ha_eqh_enable&quot;:false}\">\n\t\t\t\t\t\t\t<div class=\"elementor-background-overlay\"><\/div>\n\t\t\t\t\t\t\t<div class=\"elementor-container elementor-column-gap-no\">\n\t\t\t\t\t\t\t<div class=\"elementor-row\">\n\t\t\t\t\t<div class=\"elementor-column elementor-col-100 elementor-top-column elementor-element elementor-element-ac383c7\" data-id=\"ac383c7\" data-element_type=\"column\">\n\t\t\t<div class=\"elementor-column-wrap elementor-element-populated\">\n\t\t\t\t\t\t\t<div class=\"elementor-widget-wrap\">\n\t\t\t\t\t\t<div class=\"elementor-element elementor-element-55496ee elementor-widget elementor-widget-text-editor\" data-id=\"55496ee\" data-element_type=\"widget\" data-widget_type=\"text-editor.default\">\n\t\t\t\t<div class=\"elementor-widget-container\">\n\t\t\t\t\t<div class=\"elementor-text-editor elementor-clearfix\"><p>Bei anderen Therapieformen legt man interessanterweise nicht so den Fokus darauf. Diese Haltung\u00a0 Rogers als Respektsbezeugung dem Klienten gegen\u00fcber erschien mir sehr weise. Mir gefiehl seine Ausgangsidee, dass wir alle selbst in der Lage sind, uns zu heilen. Meiner Ansicht nach hat der Therapeut die Aufgabe, den Klienten respektvoll und aufmerksam zu begleiten, um mit ihm zusammen hindernde Denkmuster zu entdecken und\u00a0 L\u00f6sungswege zu erarbeiten, so dass er selbst Verantwortung \u00fcbernimmt, um so sein Potenzial zu entwickeln.<\/p><p>Seit 2008 arbeite ich bereits als Heilpraktikerin f\u00fcr Psychotherapie und habe seitdem vor allem Menschen mit Magersucht und Depressionen geholfen, wieder ins Leben zu kommen.<\/p><p>In den vergangenen Jahren habe ich nicht nur sehr viel \u00fcber Psychologie, sondern immer mehr \u00fcber Spiritualit\u00e4t, Quantenheilung und Quantenphysik gelesen. Durch das Lesen und das Zusammentreffen mit Menschen, die bereits viel weiter in ihrer eigenen \u201cSch\u00f6pfungsgeschichte\u201d vorangeschritten sind als ich, weil sie bereits in und mit dem morphogenetischen Feld arbeiten, hat sich mein Weltbild v\u00f6llig ge\u00e4ndert.<\/p><\/div>\n\t\t\t\t<\/div>\n\t\t\t\t<\/div>\n\t\t\t\t\t\t<\/div>\n\t\t\t\t\t<\/div>\n\t\t<\/div>\n\t\t\t\t\t\t\t\t<\/div>\n\t\t\t\t\t<\/div>\n\t\t<\/section>\n\t\t\t\t<section class=\"elementor-section elementor-top-section elementor-element elementor-element-edd9952 elementor-section-full_width elementor-section-height-default elementor-section-height-default\" data-id=\"edd9952\" data-element_type=\"section\" data-settings=\"{&quot;background_background&quot;:&quot;classic&quot;,&quot;_ha_eqh_enable&quot;:false}\">\n\t\t\t\t\t\t\t<div class=\"elementor-background-overlay\"><\/div>\n\t\t\t\t\t\t\t<div class=\"elementor-container elementor-column-gap-no\">\n\t\t\t\t\t\t\t<div class=\"elementor-row\">\n\t\t\t\t\t<div class=\"elementor-column elementor-col-50 elementor-top-column elementor-element elementor-element-046017b\" data-id=\"046017b\" data-element_type=\"column\">\n\t\t\t<div class=\"elementor-column-wrap elementor-element-populated\">\n\t\t\t\t\t\t\t<div class=\"elementor-widget-wrap\">\n\t\t\t\t\t\t<div class=\"elementor-element elementor-element-bc93430 elementor-widget elementor-widget-image\" data-id=\"bc93430\" data-element_type=\"widget\" data-widget_type=\"image.default\">\n\t\t\t\t<div class=\"elementor-widget-container\">\n\t\t\t\t\t<div class=\"elementor-image\">\n\t\t\t\t\t\t\t\t\t\t<img width=\"1024\" height=\"1024\" src=\"https:\/\/silvia-weinans.de\/wp-content\/uploads\/2020\/05\/rund-u\u0308ber-mich-3-1024x1024.png\" class=\"attachment-large size-large\" alt=\"Silvia Weinans Psychotherapie Borken\" loading=\"lazy\" srcset=\"https:\/\/silvia-weinans.de\/wp-content\/uploads\/2020\/05\/rund-u\u0308ber-mich-3-1024x1024.png 1024w, https:\/\/silvia-weinans.de\/wp-content\/uploads\/2020\/05\/rund-u\u0308ber-mich-3-300x300.png 300w, https:\/\/silvia-weinans.de\/wp-content\/uploads\/2020\/05\/rund-u\u0308ber-mich-3-150x150.png 150w, https:\/\/silvia-weinans.de\/wp-content\/uploads\/2020\/05\/rund-u\u0308ber-mich-3-768x768.png 768w, https:\/\/silvia-weinans.de\/wp-content\/uploads\/2020\/05\/rund-u\u0308ber-mich-3-1536x1536.png 1536w, https:\/\/silvia-weinans.de\/wp-content\/uploads\/2020\/05\/rund-u\u0308ber-mich-3.png 1700w\" sizes=\"(max-width: 1024px) 100vw, 1024px\" \/>\t\t\t\t\t\t\t\t\t\t\t<\/div>\n\t\t\t\t<\/div>\n\t\t\t\t<\/div>\n\t\t\t\t\t\t<\/div>\n\t\t\t\t\t<\/div>\n\t\t<\/div>\n\t\t\t\t<div class=\"elementor-column elementor-col-50 elementor-top-column elementor-element elementor-element-e89f1d3\" data-id=\"e89f1d3\" data-element_type=\"column\">\n\t\t\t<div class=\"elementor-column-wrap elementor-element-populated\">\n\t\t\t\t\t\t\t<div class=\"elementor-widget-wrap\">\n\t\t\t\t\t\t<div class=\"elementor-element elementor-element-8e8812a elementor-widget elementor-widget-text-editor\" data-id=\"8e8812a\" data-element_type=\"widget\" data-widget_type=\"text-editor.default\">\n\t\t\t\t<div class=\"elementor-widget-container\">\n\t\t\t\t\t<div class=\"elementor-text-editor elementor-clearfix\"><p>Ich habe begriffen, dass die Welt im Au\u00dfen, also unsere Wahrnehmung der Welt im Au\u00dfen zum einen ein Spiegel f\u00fcr unser Inneres darstellt. Andererseits stelle ich in der R\u00fcckschau fest, dass mich gerade die Herausforderungen des Lebens zum Wachsen gebracht haben;<br \/>Ich habe z.B. eine Scheidung hinter mir, lange Jahre als alleinerziehende Mutter mit 2 Kindern und 2 Berufen gelebt, habe ein Kind mit Down-Syndrom, habe existenzielle \u00c4ngste und gro\u00dfe finanzielle Verluste hinter mir und habe auch Bekanntschaft mit Mobbing und Depression gemacht. <br \/>Diese Erfahrungen, die ich machen durfte, haben mich dazu gebracht, dass ich mich ganz gut kennengelernt habe in meinen St\u00e4rken und Schw\u00e4chen, mehr und mehr zu mir stehe und mich auf meine Intuition verlasse. Ein gro\u00dfer Schritt in die richtige Richtung, wie ich finde.<\/p><\/div>\n\t\t\t\t<\/div>\n\t\t\t\t<\/div>\n\t\t\t\t\t\t<\/div>\n\t\t\t\t\t<\/div>\n\t\t<\/div>\n\t\t\t\t\t\t\t\t<\/div>\n\t\t\t\t\t<\/div>\n\t\t<\/section>\n\t\t\t\t<section class=\"elementor-section elementor-top-section elementor-element elementor-element-e199355 elementor-section-full_width elementor-section-height-default elementor-section-height-default\" data-id=\"e199355\" data-element_type=\"section\" data-settings=\"{&quot;background_background&quot;:&quot;classic&quot;,&quot;_ha_eqh_enable&quot;:false}\">\n\t\t\t\t\t\t\t<div class=\"elementor-background-overlay\"><\/div>\n\t\t\t\t\t\t\t<div class=\"elementor-container elementor-column-gap-no\">\n\t\t\t\t\t\t\t<div class=\"elementor-row\">\n\t\t\t\t\t<div class=\"elementor-column elementor-col-50 elementor-top-column elementor-element elementor-element-e1e05dd\" data-id=\"e1e05dd\" data-element_type=\"column\">\n\t\t\t<div class=\"elementor-column-wrap elementor-element-populated\">\n\t\t\t\t\t\t\t<div class=\"elementor-widget-wrap\">\n\t\t\t\t\t\t<div class=\"elementor-element elementor-element-1a3d81a elementor-widget elementor-widget-text-editor\" data-id=\"1a3d81a\" data-element_type=\"widget\" data-widget_type=\"text-editor.default\">\n\t\t\t\t<div class=\"elementor-widget-container\">\n\t\t\t\t\t<div class=\"elementor-text-editor elementor-clearfix\"><p>Wir leben im Dualismus, das bedeutet, dass wir alle mal auf die Nase fallen, es geht nur darum, wieder aufzustehen, um aus Erfahrungen zu lernen. Was sagt unser Verhalten \u00fcber uns aus? Wie authentisch sind wir? Und da sind wir auch schon wieder bei der Idee von Carl Rogers, dem Begr\u00fcnder der Gespr\u00e4chstherapie (s.o.). Denn das ist es, was wir tun hier auf Erden, wir lernen uns kennen, das bedeutet authentisch zu werden. <br \/>Wir sind entweder gl\u00fccklich oder wir lernen gerade (mal wieder).<\/p><p>Wenn Du Dich also auf die Reise zu Dir selbst machen m\u00f6chtest und jemanden brauchst, der Dich mit viel Einf\u00fchlungsverm\u00f6gen und Achtsamkeit liebevoll begleitet, dann bin ich gern f\u00fcr Dich da.<\/p><p>Ich m\u00f6chte Dir gern dabei helfen, Dich in Deiner ganzen Kraft, Sch\u00f6nheit und Liebe zu sehen.<br \/>Ich bedanke mich f\u00fcr Dein Vertrauen.<br \/>Silvia<\/p><\/div>\n\t\t\t\t<\/div>\n\t\t\t\t<\/div>\n\t\t\t\t\t\t<\/div>\n\t\t\t\t\t<\/div>\n\t\t<\/div>\n\t\t\t\t<div class=\"elementor-column elementor-col-50 elementor-top-column elementor-element elementor-element-8b72063\" data-id=\"8b72063\" data-element_type=\"column\">\n\t\t\t<div class=\"elementor-column-wrap elementor-element-populated\">\n\t\t\t\t\t\t\t<div class=\"elementor-widget-wrap\">\n\t\t\t\t\t\t<div class=\"elementor-element elementor-element-82235cc elementor-widget elementor-widget-image\" data-id=\"82235cc\" data-element_type=\"widget\" data-widget_type=\"image.default\">\n\t\t\t\t<div class=\"elementor-widget-container\">\n\t\t\t\t\t<div class=\"elementor-image\">\n\t\t\t\t\t\t\t\t\t\t<img width=\"1024\" height=\"1024\" src=\"https:\/\/silvia-weinans.de\/wp-content\/uploads\/2020\/05\/rund-u\u0308ber-mich-2-1024x1024.png\" class=\"attachment-large size-large\" alt=\"Silvia Weinans Psychotherapie Borken\" loading=\"lazy\" srcset=\"https:\/\/silvia-weinans.de\/wp-content\/uploads\/2020\/05\/rund-u\u0308ber-mich-2-1024x1024.png 1024w, https:\/\/silvia-weinans.de\/wp-content\/uploads\/2020\/05\/rund-u\u0308ber-mich-2-300x300.png 300w, https:\/\/silvia-weinans.de\/wp-content\/uploads\/2020\/05\/rund-u\u0308ber-mich-2-150x150.png 150w, https:\/\/silvia-weinans.de\/wp-content\/uploads\/2020\/05\/rund-u\u0308ber-mich-2-768x768.png 768w, https:\/\/silvia-weinans.de\/wp-content\/uploads\/2020\/05\/rund-u\u0308ber-mich-2-1536x1536.png 1536w, https:\/\/silvia-weinans.de\/wp-content\/uploads\/2020\/05\/rund-u\u0308ber-mich-2.png 1700w\" sizes=\"(max-width: 1024px) 100vw, 1024px\" \/>\t\t\t\t\t\t\t\t\t\t\t<\/div>\n\t\t\t\t<\/div>\n\t\t\t\t<\/div>\n\t\t\t\t\t\t<\/div>\n\t\t\t\t\t<\/div>\n\t\t<\/div>\n\t\t\t\t\t\t\t\t<\/div>\n\t\t\t\t\t<\/div>\n\t\t<\/section>\n\t\t\t\t\t\t<\/div>\n\t\t\t\t\t\t<\/div>\n\t\t\t\t\t<\/div>\n\t\t","protected":false},"excerpt":{"rendered":"<p>\u00dcber mich Vielleicht stelle ich mich erstmal vor. Ich hei\u00dfe Silvia Weinans und bin 54 Jahre jung.Im Jahr 2008 habe ich die Ausbildung zum Entspannungstherapeuten und Heilpraktiker f\u00fcr Psychotherapie beendet. Als Therapieform suchte ich mir die \u201cGespr\u00e4chstherapie nach Rogers\u201d aus, da es mir sehr gefiel, dass Rogers erstmal den behandelnden Therapeuten unter die Lupe nimmt. [&hellip;]<\/p>\n","protected":false},"author":1,"featured_media":0,"parent":0,"menu_order":0,"comment_status":"closed","ping_status":"closed","template":"","meta":{"site-sidebar-layout":"no-sidebar","site-content-layout":"page-builder","ast-site-content-layout":"default","site-content-style":"default","site-sidebar-style":"default","ast-global-header-display":"","ast-banner-title-visibility":"","ast-main-header-display":"","ast-hfb-above-header-display":"","ast-hfb-below-header-display":"","ast-hfb-mobile-header-display":"","site-post-title":"disabled","ast-breadcrumbs-content":"","ast-featured-img":"disabled","footer-sml-layout":"","ast-disable-related-posts":"","theme-transparent-header-meta":"enabled","adv-header-id-meta":"","stick-header-meta":"","header-above-stick-meta":"","header-main-stick-meta":"","header-below-stick-meta":"","astra-migrate-meta-layouts":"default","ast-page-background-enabled":"default","ast-page-background-meta":{"desktop":{"background-color":"","background-image":"","background-repeat":"repeat","background-position":"center center","background-size":"auto","background-attachment":"scroll","background-type":"","background-media":"","overlay-type":"","overlay-color":"","overlay-opacity":"","overlay-gradient":""},"tablet":{"background-color":"","background-image":"","background-repeat":"repeat","background-position":"center center","background-size":"auto","background-attachment":"scroll","background-type":"","background-media":"","overlay-type":"","overlay-color":"","overlay-opacity":"","overlay-gradient":""},"mobile":{"background-color":"","background-image":"","background-repeat":"repeat","background-position":"center center","background-size":"auto","background-attachment":"scroll","background-type":"","background-media":"","overlay-type":"","overlay-color":"","overlay-opacity":"","overlay-gradient":""}},"ast-content-background-meta":{"desktop":{"background-color":"var(--ast-global-color-5)","background-image":"","background-repeat":"repeat","background-position":"center center","background-size":"auto","background-attachment":"scroll","background-type":"","background-media":"","overlay-type":"","overlay-color":"","overlay-opacity":"","overlay-gradient":""},"tablet":{"background-color":"var(--ast-global-color-5)","background-image":"","background-repeat":"repeat","background-position":"center center","background-size":"auto","background-attachment":"scroll","background-type":"","background-media":"","overlay-type":"","overlay-color":"","overlay-opacity":"","overlay-gradient":""},"mobile":{"background-color":"var(--ast-global-color-5)","background-image":"","background-repeat":"repeat","background-position":"center center","background-size":"auto","background-attachment":"scroll","background-type":"","background-media":"","overlay-type":"","overlay-color":"","overlay-opacity":"","overlay-gradient":""}}},"yoast_head":"<!-- This site is optimized with the Yoast SEO plugin v15.7 - https:\/\/yoast.com\/wordpress\/plugins\/seo\/ -->\n<title>\u00dcber mich - Life Coaching<\/title>\n<meta name=\"robots\" content=\"index, follow, max-snippet:-1, max-image-preview:large, max-video-preview:-1\" \/>\n<link rel=\"canonical\" href=\"https:\/\/silvia-weinans.de\/index.php\/uber-mich-02\/\" \/>\n<meta property=\"og:locale\" content=\"de_DE\" \/>\n<meta property=\"og:type\" content=\"article\" \/>\n<meta property=\"og:title\" content=\"\u00dcber mich - Life Coaching\" \/>\n<meta property=\"og:description\" content=\"\u00dcber mich Vielleicht stelle ich mich erstmal vor. Ich hei\u00dfe Silvia Weinans und bin 54 Jahre jung.Im Jahr 2008 habe ich die Ausbildung zum Entspannungstherapeuten und Heilpraktiker f\u00fcr Psychotherapie beendet. Als Therapieform suchte ich mir die \u201cGespr\u00e4chstherapie nach Rogers\u201d aus, da es mir sehr gefiel, dass Rogers erstmal den behandelnden Therapeuten unter die Lupe nimmt. [&hellip;]\" \/>\n<meta property=\"og:url\" content=\"https:\/\/silvia-weinans.de\/index.php\/uber-mich-02\/\" \/>\n<meta property=\"og:site_name\" content=\"Life Coaching\" \/>\n<meta property=\"article:modified_time\" content=\"2021-01-26T18:40:42+00:00\" \/>\n<meta property=\"og:image\" content=\"https:\/\/silvia-weinans.de\/wp-content\/uploads\/2020\/05\/rund-u\u0308ber-mich-1024x1024.png\" \/>\n<meta name=\"twitter:card\" content=\"summary_large_image\" \/>\n<meta name=\"twitter:label1\" content=\"Gesch\u00e4tzte Lesezeit\">\n\t<meta name=\"twitter:data1\" content=\"3\u00a0Minuten\">\n<script type=\"application\/ld+json\" class=\"yoast-schema-graph\">{\"@context\":\"https:\/\/schema.org\",\"@graph\":[{\"@type\":\"Organization\",\"@id\":\"https:\/\/silvia-weinans.de\/#organization\",\"name\":\"Life Coaching\",\"url\":\"https:\/\/silvia-weinans.de\/\",\"sameAs\":[],\"logo\":{\"@type\":\"ImageObject\",\"@id\":\"https:\/\/silvia-weinans.de\/#logo\",\"inLanguage\":\"de\",\"url\":\"https:\/\/silvia-weinans.de\/wp-content\/uploads\/2020\/05\/Silvia-Image-1.png\",\"width\":1700,\"height\":1700,\"caption\":\"Life Coaching\"},\"image\":{\"@id\":\"https:\/\/silvia-weinans.de\/#logo\"}},{\"@type\":\"WebSite\",\"@id\":\"https:\/\/silvia-weinans.de\/#website\",\"url\":\"https:\/\/silvia-weinans.de\/\",\"name\":\"Life Coaching\",\"description\":\"Silvia Weinans - Heilpraktikerin f\\u00fcr Psychotherapie\",\"publisher\":{\"@id\":\"https:\/\/silvia-weinans.de\/#organization\"},\"potentialAction\":[{\"@type\":\"SearchAction\",\"target\":\"https:\/\/silvia-weinans.de\/?s={search_term_string}\",\"query-input\":\"required name=search_term_string\"}],\"inLanguage\":\"de\"},{\"@type\":\"ImageObject\",\"@id\":\"https:\/\/silvia-weinans.de\/index.php\/uber-mich-02\/#primaryimage\",\"inLanguage\":\"de\",\"url\":\"https:\/\/silvia-weinans.de\/wp-content\/uploads\/2020\/05\/rund-u\\u0308ber-mich.png\",\"width\":1700,\"height\":1700,\"caption\":\"Silvia Weinans Psychotherapie Borken\"},{\"@type\":\"WebPage\",\"@id\":\"https:\/\/silvia-weinans.de\/index.php\/uber-mich-02\/#webpage\",\"url\":\"https:\/\/silvia-weinans.de\/index.php\/uber-mich-02\/\",\"name\":\"\\u00dcber mich - Life Coaching\",\"isPartOf\":{\"@id\":\"https:\/\/silvia-weinans.de\/#website\"},\"primaryImageOfPage\":{\"@id\":\"https:\/\/silvia-weinans.de\/index.php\/uber-mich-02\/#primaryimage\"},\"datePublished\":\"2020-04-21T14:31:03+00:00\",\"dateModified\":\"2021-01-26T18:40:42+00:00\",\"inLanguage\":\"de\",\"potentialAction\":[{\"@type\":\"ReadAction\",\"target\":[\"https:\/\/silvia-weinans.de\/index.php\/uber-mich-02\/\"]}]}]}<\/script>\n<!-- \/ Yoast SEO plugin. -->","_links":{"self":[{"href":"https:\/\/silvia-weinans.de\/index.php\/wp-json\/wp\/v2\/pages\/31"}],"collection":[{"href":"https:\/\/silvia-weinans.de\/index.php\/wp-json\/wp\/v2\/pages"}],"about":[{"href":"https:\/\/silvia-weinans.de\/index.php\/wp-json\/wp\/v2\/types\/page"}],"author":[{"embeddable":true,"href":"https:\/\/silvia-weinans.de\/index.php\/wp-json\/wp\/v2\/users\/1"}],"replies":[{"embeddable":true,"href":"https:\/\/silvia-weinans.de\/index.php\/wp-json\/wp\/v2\/comments?post=31"}],"version-history":[{"count":38,"href":"https:\/\/silvia-weinans.de\/index.php\/wp-json\/wp\/v2\/pages\/31\/revisions"}],"predecessor-version":[{"id":514,"href":"https:\/\/silvia-weinans.de\/index.php\/wp-json\/wp\/v2\/pages\/31\/revisions\/514"}],"wp:attachment":[{"href":"https:\/\/silvia-weinans.de\/index.php\/wp-json\/wp\/v2\/media?parent=31"}],"curies":[{"name":"wp","href":"https:\/\/api.w.org\/{rel}","templated":true}]}}